{"id":2,"date":"2024-04-19T15:55:20","date_gmt":"2024-04-19T15:55:20","guid":{"rendered":"http:\/\/ikincielsaatankara.com\/?page_id=2"},"modified":"2024-04-19T17:23:08","modified_gmt":"2024-04-19T17:23:08","slug":"iletisim","status":"publish","type":"page","link":"https:\/\/www.ikincielsaatankara.com\/index.php\/iletisim\/","title":{"rendered":"\u0130leti\u015fim"},"content":{"rendered":"\n<p class=\"has-text-align-left\">Ankara \u0130kinci El Saat Merkezi<\/p>\n\n\n\n<p class=\"has-text-align-left\">Gsm : 0532 701 78 03<\/p>\n\n\n\n<p class=\"has-text-align-left\">E-mail : ikincielsat@gmail.com<\/p>\n\n\n\n<p class=\"has-text-align-left\">Adres bil\u011fisi i\u00e7in ileti\u015fime ge\u00e7ebilirsiniz.<\/p>\n\n\n\n<figure class=\"wp-block-image size-large is-resized\"><img loading=\"lazy\" decoding=\"async\" width=\"835\" height=\"1024\" src=\"https:\/\/www.ikincielsaatankara.com\/wp-content\/uploads\/2024\/04\/sedef-1-835x1024.jpg\" alt=\"\" class=\"wp-image-29\" style=\"width:398px;height:auto\" srcset=\"https:\/\/www.ikincielsaatankara.com\/wp-content\/uploads\/2024\/04\/sedef-1-835x1024.jpg 835w, https:\/\/www.ikincielsaatankara.com\/wp-content\/uploads\/2024\/04\/sedef-1-245x300.jpg 245w, https:\/\/www.ikincielsaatankara.com\/wp-content\/uploads\/2024\/04\/sedef-1-768x942.jpg 768w, https:\/\/www.ikincielsaatankara.com\/wp-content\/uploads\/2024\/04\/sedef-1.jpg 1172w\" sizes=\"auto, (max-width: 835px) 100vw, 835px\" \/><\/figure>\n","protected":false},"excerpt":{"rendered":"<p>Ankara \u0130kinci El Saat Merkezi Gsm : 0532 701 78 03 E-mail : ikincielsat@gmail.com Adres bil\u011fisi i\u00e7in ileti\u015fime ge\u00e7ebilirsiniz.<\/p>\n","protected":false},"author":1,"featured_media":0,"parent":0,"menu_order":0,"comment_status":"closed","ping_status":"open","template":"","meta":{"footnotes":""},"class_list":["post-2","page","type-page","status-publish","hentry"],"yoast_head":"<!-- This site is optimized with the Yoast SEO plugin v22.5 - https:\/\/yoast.com\/wordpress\/plugins\/seo\/ -->\n<title>\u0130leti\u015fim - Ankara \u0130kinci El Saat Al\u0131m Sat\u0131m \/ Rolex Saat Alan Yerler<\/title>\n<meta name=\"robots\" content=\"index, follow, max-snippet:-1, max-image-preview:large, max-video-preview:-1\" \/>\n<link rel=\"canonical\" href=\"https:\/\/www.ikincielsaatankara.com\/index.php\/iletisim\/\" \/>\n<meta property=\"og:locale\" content=\"tr_TR\" \/>\n<meta property=\"og:type\" content=\"article\" \/>\n<meta property=\"og:title\" content=\"\u0130leti\u015fim - Ankara \u0130kinci El Saat Al\u0131m Sat\u0131m \/ Rolex Saat Alan Yerler\" \/>\n<meta property=\"og:description\" content=\"Ankara \u0130kinci El Saat Merkezi Gsm : 0532 701 78 03 E-mail : ikincielsat@gmail.com Adres bil\u011fisi i\u00e7in ileti\u015fime ge\u00e7ebilirsiniz.\" \/>\n<meta property=\"og:url\" content=\"https:\/\/www.ikincielsaatankara.com\/index.php\/iletisim\/\" \/>\n<meta property=\"og:site_name\" content=\"Ankara \u0130kinci El Saat Al\u0131m Sat\u0131m \/ Rolex Saat Alan Yerler\" \/>\n<meta property=\"article:modified_time\" content=\"2024-04-19T17:23:08+00:00\" \/>\n<meta property=\"og:image\" content=\"https:\/\/www.ikincielsaatankara.com\/wp-content\/uploads\/2024\/04\/sedef-1-835x1024.jpg\" \/>\n<meta name=\"twitter:card\" content=\"summary_large_image\" \/>\n<meta name=\"twitter:label1\" content=\"Tahmini okuma s\u00fcresi\" \/>\n\t<meta name=\"twitter:data1\" content=\"1 dakika\" \/>\n<script type=\"application\/ld+json\" class=\"yoast-schema-graph\">{\"@context\":\"https:\/\/schema.org\",\"@graph\":[{\"@type\":\"WebPage\",\"@id\":\"https:\/\/www.ikincielsaatankara.com\/index.php\/iletisim\/\",\"url\":\"https:\/\/www.ikincielsaatankara.com\/index.php\/iletisim\/\",\"name\":\"\u0130leti\u015fim - Ankara \u0130kinci El Saat Al\u0131m Sat\u0131m \/ Rolex Saat Alan Yerler\",\"isPartOf\":{\"@id\":\"https:\/\/www.ikincielsaatankara.com\/#website\"},\"primaryImageOfPage\":{\"@id\":\"https:\/\/www.ikincielsaatankara.com\/index.php\/iletisim\/#primaryimage\"},\"image\":{\"@id\":\"https:\/\/www.ikincielsaatankara.com\/index.php\/iletisim\/#primaryimage\"},\"thumbnailUrl\":\"https:\/\/www.ikincielsaatankara.com\/wp-content\/uploads\/2024\/04\/sedef-1-835x1024.jpg\",\"datePublished\":\"2024-04-19T15:55:20+00:00\",\"dateModified\":\"2024-04-19T17:23:08+00:00\",\"breadcrumb\":{\"@id\":\"https:\/\/www.ikincielsaatankara.com\/index.php\/iletisim\/#breadcrumb\"},\"inLanguage\":\"tr\",\"potentialAction\":[{\"@type\":\"ReadAction\",\"target\":[\"https:\/\/www.ikincielsaatankara.com\/index.php\/iletisim\/\"]}]},{\"@type\":\"ImageObject\",\"inLanguage\":\"tr\",\"@id\":\"https:\/\/www.ikincielsaatankara.com\/index.php\/iletisim\/#primaryimage\",\"url\":\"https:\/\/www.ikincielsaatankara.com\/wp-content\/uploads\/2024\/04\/sedef-1.jpg\",\"contentUrl\":\"https:\/\/www.ikincielsaatankara.com\/wp-content\/uploads\/2024\/04\/sedef-1.jpg\",\"width\":1172,\"height\":1437},{\"@type\":\"BreadcrumbList\",\"@id\":\"https:\/\/www.ikincielsaatankara.com\/index.php\/iletisim\/#breadcrumb\",\"itemListElement\":[{\"@type\":\"ListItem\",\"position\":1,\"name\":\"Anasayfa\",\"item\":\"https:\/\/www.ikincielsaatankara.com\/\"},{\"@type\":\"ListItem\",\"position\":2,\"name\":\"\u0130leti\u015fim\"}]},{\"@type\":\"WebSite\",\"@id\":\"https:\/\/www.ikincielsaatankara.com\/#website\",\"url\":\"https:\/\/www.ikincielsaatankara.com\/\",\"name\":\"Ankara \u0130kinci El Saat Al\u0131m Sat\u0131m \/ Rolex Saat Alan Yerler\",\"description\":\"Ankara ve \u0130l\u00e7elerinde Satmak \u0130stedi\u011finiz L\u00fcks Saatlerinizi En \u0130yi Fiyatlarla Nakit Olarak Al\u0131yoruz.\",\"publisher\":{\"@id\":\"https:\/\/www.ikincielsaatankara.com\/#organization\"},\"potentialAction\":[{\"@type\":\"SearchAction\",\"target\":{\"@type\":\"EntryPoint\",\"urlTemplate\":\"https:\/\/www.ikincielsaatankara.com\/?s={search_term_string}\"},\"query-input\":\"required name=search_term_string\"}],\"inLanguage\":\"tr\"},{\"@type\":\"Organization\",\"@id\":\"https:\/\/www.ikincielsaatankara.com\/#organization\",\"name\":\"Ankara \u0130kinci El Saat Al\u0131m Sat\u0131m \/ Rolex Saat Alan Yerler\",\"url\":\"https:\/\/www.ikincielsaatankara.com\/\",\"logo\":{\"@type\":\"ImageObject\",\"inLanguage\":\"tr\",\"@id\":\"https:\/\/www.ikincielsaatankara.com\/#\/schema\/logo\/image\/\",\"url\":\"https:\/\/www.ikincielsaatankara.com\/wp-content\/uploads\/2024\/04\/ankara.png\",\"contentUrl\":\"https:\/\/www.ikincielsaatankara.com\/wp-content\/uploads\/2024\/04\/ankara.png\",\"width\":159,\"height\":100,\"caption\":\"Ankara \u0130kinci El Saat Al\u0131m Sat\u0131m \/ Rolex Saat Alan Yerler\"},\"image\":{\"@id\":\"https:\/\/www.ikincielsaatankara.com\/#\/schema\/logo\/image\/\"}}]}<\/script>\n<!-- \/ Yoast SEO plugin. -->","yoast_head_json":{"title":"\u0130leti\u015fim - Ankara \u0130kinci El Saat Al\u0131m Sat\u0131m \/ Rolex Saat Alan Yerler","robots":{"index":"index","follow":"follow","max-snippet":"max-snippet:-1","max-image-preview":"max-image-preview:large","max-video-preview":"max-video-preview:-1"},"canonical":"https:\/\/www.ikincielsaatankara.com\/index.php\/iletisim\/","og_locale":"tr_TR","og_type":"article","og_title":"\u0130leti\u015fim - Ankara \u0130kinci El Saat Al\u0131m Sat\u0131m \/ Rolex Saat Alan Yerler","og_description":"Ankara \u0130kinci El Saat Merkezi Gsm : 0532 701 78 03 E-mail : ikincielsat@gmail.com Adres bil\u011fisi i\u00e7in ileti\u015fime ge\u00e7ebilirsiniz.","og_url":"https:\/\/www.ikincielsaatankara.com\/index.php\/iletisim\/","og_site_name":"Ankara \u0130kinci El Saat Al\u0131m Sat\u0131m \/ Rolex Saat Alan Yerler","article_modified_time":"2024-04-19T17:23:08+00:00","og_image":[{"url":"https:\/\/www.ikincielsaatankara.com\/wp-content\/uploads\/2024\/04\/sedef-1-835x1024.jpg"}],"twitter_card":"summary_large_image","twitter_misc":{"Tahmini okuma s\u00fcresi":"1 dakika"},"schema":{"@context":"https:\/\/schema.org","@graph":[{"@type":"WebPage","@id":"https:\/\/www.ikincielsaatankara.com\/index.php\/iletisim\/","url":"https:\/\/www.ikincielsaatankara.com\/index.php\/iletisim\/","name":"\u0130leti\u015fim - Ankara \u0130kinci El Saat Al\u0131m Sat\u0131m \/ Rolex Saat Alan Yerler","isPartOf":{"@id":"https:\/\/www.ikincielsaatankara.com\/#website"},"primaryImageOfPage":{"@id":"https:\/\/www.ikincielsaatankara.com\/index.php\/iletisim\/#primaryimage"},"image":{"@id":"https:\/\/www.ikincielsaatankara.com\/index.php\/iletisim\/#primaryimage"},"thumbnailUrl":"https:\/\/www.ikincielsaatankara.com\/wp-content\/uploads\/2024\/04\/sedef-1-835x1024.jpg","datePublished":"2024-04-19T15:55:20+00:00","dateModified":"2024-04-19T17:23:08+00:00","breadcrumb":{"@id":"https:\/\/www.ikincielsaatankara.com\/index.php\/iletisim\/#breadcrumb"},"inLanguage":"tr","potentialAction":[{"@type":"ReadAction","target":["https:\/\/www.ikincielsaatankara.com\/index.php\/iletisim\/"]}]},{"@type":"ImageObject","inLanguage":"tr","@id":"https:\/\/www.ikincielsaatankara.com\/index.php\/iletisim\/#primaryimage","url":"https:\/\/www.ikincielsaatankara.com\/wp-content\/uploads\/2024\/04\/sedef-1.jpg","contentUrl":"https:\/\/www.ikincielsaatankara.com\/wp-content\/uploads\/2024\/04\/sedef-1.jpg","width":1172,"height":1437},{"@type":"BreadcrumbList","@id":"https:\/\/www.ikincielsaatankara.com\/index.php\/iletisim\/#breadcrumb","itemListElement":[{"@type":"ListItem","position":1,"name":"Anasayfa","item":"https:\/\/www.ikincielsaatankara.com\/"},{"@type":"ListItem","position":2,"name":"\u0130leti\u015fim"}]},{"@type":"WebSite","@id":"https:\/\/www.ikincielsaatankara.com\/#website","url":"https:\/\/www.ikincielsaatankara.com\/","name":"Ankara \u0130kinci El Saat Al\u0131m Sat\u0131m \/ Rolex Saat Alan Yerler","description":"Ankara ve \u0130l\u00e7elerinde Satmak \u0130stedi\u011finiz L\u00fcks Saatlerinizi En \u0130yi Fiyatlarla Nakit Olarak Al\u0131yoruz.","publisher":{"@id":"https:\/\/www.ikincielsaatankara.com\/#organization"},"potentialAction":[{"@type":"SearchAction","target":{"@type":"EntryPoint","urlTemplate":"https:\/\/www.ikincielsaatankara.com\/?s={search_term_string}"},"query-input":"required name=search_term_string"}],"inLanguage":"tr"},{"@type":"Organization","@id":"https:\/\/www.ikincielsaatankara.com\/#organization","name":"Ankara \u0130kinci El Saat Al\u0131m Sat\u0131m \/ Rolex Saat Alan Yerler","url":"https:\/\/www.ikincielsaatankara.com\/","logo":{"@type":"ImageObject","inLanguage":"tr","@id":"https:\/\/www.ikincielsaatankara.com\/#\/schema\/logo\/image\/","url":"https:\/\/www.ikincielsaatankara.com\/wp-content\/uploads\/2024\/04\/ankara.png","contentUrl":"https:\/\/www.ikincielsaatankara.com\/wp-content\/uploads\/2024\/04\/ankara.png","width":159,"height":100,"caption":"Ankara \u0130kinci El Saat Al\u0131m Sat\u0131m \/ Rolex Saat Alan Yerler"},"image":{"@id":"https:\/\/www.ikincielsaatankara.com\/#\/schema\/logo\/image\/"}}]}},"_links":{"self":[{"href":"https:\/\/www.ikincielsaatankara.com\/index.php\/wp-json\/wp\/v2\/pages\/2","targetHints":{"allow":["GET"]}}],"collection":[{"href":"https:\/\/www.ikincielsaatankara.com\/index.php\/wp-json\/wp\/v2\/pages"}],"about":[{"href":"https:\/\/www.ikincielsaatankara.com\/index.php\/wp-json\/wp\/v2\/types\/page"}],"author":[{"embeddable":true,"href":"https:\/\/www.ikincielsaatankara.com\/index.php\/wp-json\/wp\/v2\/users\/1"}],"replies":[{"embeddable":true,"href":"https:\/\/www.ikincielsaatankara.com\/index.php\/wp-json\/wp\/v2\/comments?post=2"}],"version-history":[{"count":6,"href":"https:\/\/www.ikincielsaatankara.com\/index.php\/wp-json\/wp\/v2\/pages\/2\/revisions"}],"predecessor-version":[{"id":64,"href":"https:\/\/www.ikincielsaatankara.com\/index.php\/wp-json\/wp\/v2\/pages\/2\/revisions\/64"}],"wp:attachment":[{"href":"https:\/\/www.ikincielsaatankara.com\/index.php\/wp-json\/wp\/v2\/media?parent=2"}],"curies":[{"name":"wp","href":"https:\/\/api.w.org\/{rel}","templated":true}]}}